be s(3). Let t = 84 + c. Suppose t*a + 110 = 1054. List the prime factors of a.
2, 59
Let o = 21 + -15. Let h = 3 - 1. Suppose 0*m = -h*m + o. List the prime factors of m.
3
List the prime factors of (-240)/15 - (-89580)/10.
2, 17, 263
Let y(z) be the first derivative of z**4/4 - 2*z**3/3 - 8*z**2 + 76*z - 247. List the prime factors of y(10).
2, 179
Let u(c) = 8*c**2 + 48*c - 311. List the prime factors of u(24).
5449
Let h = -12 + 27. Suppose -3*z + 21 = h. Suppose z*y - 60 - 6 = 0. List the prime factors of y.
3, 11
Suppose 25740 = 3*f - 3*g, -f + 736*g = 732*g - 8571. What are the prime factors of f?
3, 2861
Let p(o) = 2*o + 26. Let c be p(-12). Suppose -3*h = -0*h - 2*q - 12, -c*h = -4*q. Suppose -h = -2*z - 2*l, 5*z + 5*l - 23 = 2*l. List the prime factors of z.
7
Suppose -2*c = -3*x - 9, -2*c = 2*c. Let g be 4/(3/(-9)*x). What are the prime factors of -2 + (-6400)/(-45) + g/(-18)?
2, 5, 7
Suppose 2*o - 3*o - 88780 = -5*m, -3*m + 53256 = -3*o. What are the prime factors of m?
3, 1973
Let c = -257 - -268. List the prime factors of 1725/c - ((-96)/66)/8.
157
Let p = -474 - -486. Suppose 42*y - p*y = 25620. List the prime factors of y.
2, 7, 61
Let r(t) = -13*t - 5. Let l(f) = 3*f + 5. Let z be l(-21). Let o = z - -56. What are the prime factors of r(o)?
3, 7
Let a be (-3)/6*(0 - (-1 + 1)). Suppose -4*k + 276 + 712 = a. List the prime factors of k.
13, 19
Let n = -308 + 302. What are the prime factors of (27434/(-66))/(2/n)?
29, 43
Suppose 138306 - 29015 = 13*n. List the prime factors of n.
7, 1201
What are the prime factors of (-69 + 52 - (1 + -16))*(-8530)/4?
5, 853
Let b(g) = -12*g**3 - 11*g**2 + 22*g - 212. What are the prime factors of b(-13)?
24007
List the prime factors of 284577/145 + (2 - (-26)/(-10)).
2, 3, 109
Let f(h) = -5*h - 13. Let g be f(-5). Suppose 37 = -3*w - r, -27 = w + r - g. Let a(x) = -19*x - 20. List the prime factors of a(w).
3, 7
Let n = 5720 - -3785. What are the prime factors of n?
5, 1901
Suppose -9*w - 742 = -7*w. Let f = -4 - w. List the prime factors of f.
367
Suppose 100304 = 3*k - u, 2*u + 33443 = -16*k + 17*k. What are the prime factors of k?
67, 499
Suppose -10*g = 10277 - 97120 + 13333. List the prime factors of g.
7351
Let i(p) = -2*p**3 - 8*p**2 + p + 7. Let x be i(-4). Suppose x*s - 2138 = -5*w, 0 = 4*w + 3*s - 2*s - 1716. List the prime factors of w.
2, 5, 43
Let y(c) = 38*c**3 + 8*c**2 + 28*c - 153. List the prime factors of y(6).
3, 2837
Let v = 26615 + -14998. What are the prime factors of v?
11617
Suppose -4*t + 0*t + 3*j + 33 = 0, -3*j + 27 = t. Suppose 3*h - 6*h = 30. Let g = t - h. What are the prime factors of g?
2, 11
Suppose -7*h + 124 - 110 = 0. Suppose -2*a + 5*l = -1095, 0 = -3*a + 5*l + 755 + 890. List the prime factors of (h/10)/(22/a).
5
Let x be ((-120)/(-14))/((-22)/(-385)). Suppose -24*q = -19*q - x. Let r = q - -20. List the prime factors of r.
2, 5
Suppose 0 = -6292*v + 6279*v + 477321. List the prime factors of v.
3, 12239
Let v(z) = z**2 + 27*z - 573. Let m be v(-41). Let l(b) = 0 - 3 - 5 + 180*b. List the prime factors of l(m).
2, 43
Let j = -114 + 194. Let c be 3/(-2)*j/10. What are the prime factors of c/(-1) - 7/(-7)?
13
Let y be (4 - (-273)/(-12))/((-4)/208). Let f = y + 93. List the prime factors of f.
2, 3, 89
Let v(a) = a**3 - a**2 + 3*a. Let y be v(2). Suppose 4*o - y*o + 11760 = 0. Suppose 9*l = -l + o. List the prime factors of l.
2, 7
Suppose 3*t = -18*d + 4671, 2*t + 13*d - 15*d = 3030. What are the prime factors of t?
3, 13
Suppose 11*z = 715 + 40986. What are the prime factors of z?
17, 223
Let b(n) = n**3 - 16*n**2 + n - 32. Let y be b(13). Let z = 877 + y. List the prime factors of z.
3, 13
Suppose -2*a = 5*m + 347, m + 341 = -2*a - 2*m. Let p = -13 - a. What are the prime factors of p?
3, 17
List the prime factors of (665904/28)/4 + 40/(-70).
5, 29, 41
List the prime factors of 7 + -5 - 193/2*-24.
2, 19, 61
Let s(r) be the first derivative of -r**4/24 + 2*r**3 + 27*r**2/2 + 4. Let z(i) be the second derivative of s(i). List the prime factors of z(4).
2
Let y = 61880 + 3964. List the prime factors of y.
2, 3, 31, 59
Suppose -104405 = 31*a - 140*a + 428060. List the prime factors of a.
5, 977
Let s(l) = -161*l + 7. Let h be s(4). Let r = h + 1202. Suppose -z - 4*z = -r. List the prime factors of z.
113
Let a = 192 + -112. Suppose -a*r = -79*r - 148. Suppose -4*x = -3*f - r, 4*x - 176 = -f - 3*f. What are the prime factors of x?
2, 5
Let r(y) = 5*y**2 + 10*y - 4. Let m be r(-6). Let u = -235 + m. Let f = u + 258. List the prime factors of f.
139
Let g(n) = -n**2 + 22*n + 105. Suppose -5*v - 7*v = -168. What are the prime factors of g(v)?
7, 31
Let b be (42/(-1))/((-2)/(-3)). Let m be (-32)/(-18) - 14/b. Suppose q - 123 = -m*q. List the prime factors of q.
41
List the prime factors of 19268/(-14)*((-1)/4)/((-27)/(-756)).
2, 4817
Let a(m) = -m - 1. Let n(y) = -3*y**3 - 5*y**2 - 5*y - 6. Let f(h) = 4*a(h) + n(h). Let u(z) = z - 4. Let q be u(0). List the prime factors of f(q).
2, 3, 23
Let a = 15 + 11. Let s(g) = -19 + a*g - 9*g - 9*g. What are the prime factors of s(7)?
37
Let c(q) = 15*q**2 - 3*q. Let i be c(2). Let g = i - 77. Let w(o) = -o + 27. List the prime factors of w(g).
2, 5
Suppose -j - 10*z = -8*z - 13455, 2*j = 3*z + 26910. Suppose 0 = 58*g - 45*g - j. What are the prime factors of g?
3, 5, 23
Suppose 0 = f + 7*h - 4*h + 883, -3*f = -2*h + 2682. Let q = 30 - f. List the prime factors of q.
2, 461
Suppose 0 = -253*k + 122*k + 1801512. What are the prime factors of k?
2, 3, 191
Suppose -2*t - 30 = -20, -15538 = -2*x - 4*t. List the prime factors of x.
3, 2593
Let b = 27236 - 12157. What are the prime factors of b?
17, 887
Let j(s) = 49*s**2 - 4*s - 86. List the prime factors of j(13).
17, 479
Let r(s) = 2*s**3 - 4*s**2 - 5*s. Let z be r(3). Suppose 4407 = 5*o + 3*m - 491, 0 = -5*o + z*m + 4922. What are the prime factors of o?
2, 491
Let n = 480 - 190. List the prime factors of n + -3*2/6.
17
Suppose 778*t = 905*t - 11201654. List the prime factors of t.
2, 44101
Let r(j) = j**2 - 17*j + 41. Let h be r(19). List the prime factors of 16 + h - (-2)/(-1).
3, 31
Let p(y) = -y**2 + 8*y - 8. Let z be p(5). Suppose -z*v - 188 = -1112. What are the prime factors of v?
2, 3, 11
Suppose -6*h + 282932 = 5*s, -h + 5*s + 229 + 46903 = 0. What are the prime factors of h?
2, 7, 421
Let o = 273 + -161. Let t be (9/(-6))/((-21)/o). Let n(j) = 19*j - 28. List the prime factors of n(t).
2, 31
Let m(z) be the first derivative of 13*z**3/3 - 11*z**2/2 + 24*z + 23. List the prime factors of m(4).
2, 47
Suppose 0 = -210*c + 892293 + 5352897. What are the prime factors of c?
3, 23, 431
Let v(h) = h**2 + h + 4. Let o = 26 + -26. Let j be v(o). Suppose 0 = j*b - 0 - 328. What are the prime factors of b?
2, 41
List the prime factors of (1479/(-116))/(9/(-7368)).
2, 17, 307
Let l = 83 - 20. Suppose l + 707 = 5*c. List the prime factors of c.
2, 7, 11
Let f(j) = 83*j + 52. Let g(w) = -160*w - 104. Let p(t) = -7*f(t) - 3*g(t). What are the prime factors of p(-12)?
2, 5, 29
Let p be 0/(((-6)/(-6))/(-1)). Suppose p = 2*b + z - 392, 3*z + 291 - 882 = -3*b. List the prime factors of b.
3, 5, 13
Let t = 8394 - 15739. What are the prime factors of t/(-39)*9/5?
3, 113
Suppose 5*z = -25, 2*z + 2*z + 3394 = -2*s. Let g = s - -2521. List the prime factors of g.
2, 3, 139
Let g = 64 + -68. What are the prime factors of g + 3 + (-9)/((-18)/308)?
3, 17
Let g(t) = 3*t + 8. Let w be g(1). Suppose -w*x - 3*m - 996 = -14*x, -4*x = 3*m - 1342. List the prime factors of x.
2, 167
Let l = 50 - 43. Let h be (-4)/(-14) - (-33)/l. Suppose 235 + 345 = h*r. List the prime factors of r.
2, 29
Suppose -1429*d = -1478*d + 1273265. What are the prime factors of d?
5, 5197
Suppose -20*f - 5*u = -17*f - 6922, 2*f = -3*u + 4615. What are the prime factors of f?
2309
Let k = 19815 - 11385. List the prime factors of k.
2, 3, 5, 281
Let r = -300 + 236. Let z = r + 218. What are the prime factors of z?
2, 7, 11
Let o = 1985 - 124. List the prime factors of o.
1861
Suppose -324 = -14*m + 320. Suppose d + 21 = -v + 69, 2*v - m = -d. What are the prime factors of d?
2, 5
Suppose n = -2*p + 10357, 6*p = 4*n + 2*p - 41440. What are the prime factors of n?
3, 1151
Let z(a) = a**2 + 18*a - 14. Let l be z(-14). Let x = 7